{"id":20,"date":"2021-10-06T14:44:07","date_gmt":"2021-10-06T14:44:07","guid":{"rendered":"https:\/\/cooperacioninternacional.usac.edu.gt\/?page_id=20"},"modified":"2024-05-29T16:58:03","modified_gmt":"2024-05-29T16:58:03","slug":"antecedentes","status":"publish","type":"page","link":"https:\/\/cooperacioninternacional.usac.edu.gt\/?page_id=20","title":{"rendered":"Coordinadora General de Cooperaci\u00f3n y Relaciones Internacionales  -CGCRI-"},"content":{"rendered":"<p>[et_pb_section fb_built=\u00bb1&#8243; _builder_version=\u00bb4.18.0&#8243; _module_preset=\u00bbdefault\u00bb background_enable_color=\u00bboff\u00bb min_height=\u00bb575.2px\u00bb custom_padding=\u00bb||99px|||\u00bb global_colors_info=\u00bb{}\u00bb][et_pb_row _builder_version=\u00bb4.18.0&#8243; _module_preset=\u00bbdefault\u00bb global_colors_info=\u00bb{}\u00bb][et_pb_column type=\u00bb4_4&#8243; _builder_version=\u00bb4.18.0&#8243; _module_preset=\u00bbdefault\u00bb global_colors_info=\u00bb{}\u00bb][et_pb_text _builder_version=\u00bb4.20.2&#8243; _module_preset=\u00bbdefault\u00bb text_text_color=\u00bb#0fffff\u00bb background_layout=\u00bbdark\u00bb global_colors_info=\u00bb{}\u00bb]<\/p>\n<h2><span style=\"color: #000080;\"><strong>Coordinadora General de Cooperaci\u00f3n y Relaciones Internacionales<\/strong><\/span><\/h2>\n<p>[\/et_pb_text][\/et_pb_column][\/et_pb_row][et_pb_row _builder_version=\u00bb4.18.0&#8243; _module_preset=\u00bbdefault\u00bb min_height=\u00bb267.2px\u00bb custom_margin=\u00bb13px|auto||auto||\u00bb custom_padding=\u00bb8px||0px|||\u00bb global_colors_info=\u00bb{}\u00bb][et_pb_column type=\u00bb4_4&#8243; _builder_version=\u00bb4.18.0&#8243; _module_preset=\u00bbdefault\u00bb background_color=\u00bb#ffffff\u00bb global_colors_info=\u00bb{}\u00bb][et_pb_text _builder_version=\u00bb4.20.2&#8243; _module_preset=\u00bbdefault\u00bb custom_padding=\u00bb||0px|0px||\u00bb inline_fonts=\u00bbAnek Gujarati\u00bb global_colors_info=\u00bb{}\u00bb]<\/p>\n<p><span style=\"font-family: 'Anek Gujarati'; font-weight: normal;\">La Coordinadora General de Cooperaci\u00f3n y Relaciones Internacionales de la Universidad de San Carlos de Guatemala -CGCRI- es el ente rector que fortalece el desarrollo acad\u00e9mico de estudiantes, profesores e investigadores en el \u00e1mbito internacional.<\/span><\/p>\n<p><span style=\"font-family: 'Anek Gujarati'; font-weight: normal;\">La Coordinadora General de Cooperaci\u00f3n y Relaciones Internacionales es la unidad t\u00e9cnica y administrativa de la Universidad de San Carlos de Guatemala -USAC-, encargada de coordinar todas las actividades acad\u00e9micas y culturales a nivel nacional e internacional. Estas actividades est\u00e1n reguladas por el reglamento para la gesti\u00f3n, negociaci\u00f3n y suscripci\u00f3n de instrumentos de cooperaci\u00f3n para el desarrollo universitario. Adem\u00e1s, la Coordinadora facilita y supervisa la cooperaci\u00f3n y las relaciones nacionales e internacionales, as\u00ed como el intercambio acad\u00e9mico con instituciones de educaci\u00f3n superior, fundaciones, organismos internacionales, cuerpo diplom\u00e1tico y otras entidades nacionales e internacionales. Todo esto se realiza con el fin de contribuir al cumplimiento de la misi\u00f3n institucional.<\/span><\/p>\n<p><span style=\"font-family: 'Anek Gujarati'; font-weight: normal;\">La Coordinadora General de Cooperaci\u00f3n fue creada por medio del Acuerdo de Rector\u00eda No. 522-2002, de fecha 12 de julio de 2002. En el a\u00f1o 2014, es designada como la unidad t\u00e9cnica y administrativa de la USAC de regular la gesti\u00f3n, negociaci\u00f3n y suscripci\u00f3n de instrumentos de cooperaci\u00f3n para el desarrollo universitario seg\u00fan punto octavo, Inciso 8.1 Acta No. 17-2014, de fecha 24 de septiembre\u00a0del\u00a02014.<\/span><\/p>\n<p>&nbsp;<\/p>\n<p>&nbsp;<\/p>\n<p>[\/et_pb_text][\/et_pb_column][\/et_pb_row][et_pb_row _builder_version=\u00bb4.18.0&#8243; _module_preset=\u00bbdefault\u00bb background_image=\u00bbhttps:\/\/cooperacioninternacional.usac.edu.gt\/wp-content\/uploads\/2022\/09\/DSC_0284-scaled.jpg\u00bb min_height=\u00bb136px\u00bb global_colors_info=\u00bb{}\u00bb][et_pb_column type=\u00bb4_4&#8243; _builder_version=\u00bb4.18.0&#8243; _module_preset=\u00bbdefault\u00bb global_colors_info=\u00bb{}\u00bb][\/et_pb_column][\/et_pb_row][\/et_pb_section][et_pb_section fb_built=\u00bb1&#8243; _builder_version=\u00bb4.18.0&#8243; _module_preset=\u00bbdefault\u00bb global_colors_info=\u00bb{}\u00bb][et_pb_row column_structure=\u00bb1_5,3_5,1_5&#8243; _builder_version=\u00bb4.18.0&#8243; _module_preset=\u00bbdefault\u00bb custom_padding=\u00bb30px|||||\u00bb global_colors_info=\u00bb{}\u00bb][et_pb_column type=\u00bb1_5&#8243; _builder_version=\u00bb4.18.0&#8243; _module_preset=\u00bbdefault\u00bb global_colors_info=\u00bb{}\u00bb][\/et_pb_column][et_pb_column type=\u00bb3_5&#8243; _builder_version=\u00bb4.18.0&#8243; _module_preset=\u00bbdefault\u00bb global_colors_info=\u00bb{}\u00bb][et_pb_text _builder_version=\u00bb4.25.1&#8243; _module_preset=\u00bbdefault\u00bb inline_fonts=\u00bbAnek Gujarati\u00bb global_colors_info=\u00bb{}\u00bb]<\/p>\n<h3 style=\"text-align: justify;\"><span style=\"font-family: 'Anek Gujarati';\"><strong><span style=\"color: #003366;\">OBJETIVOS<\/span><\/strong><\/span><\/h3>\n<ol>\n<li><span style=\"font-family: 'Anek Gujarati';\">Desarrollo Socioecon\u00f3mico y Cient\u00edfico-Cultural: Colaborar en el desarrollo socioecon\u00f3mico y cient\u00edfico-cultural del pa\u00eds a trav\u00e9s de programas y proyectos de cooperaci\u00f3n internacional que beneficien a la sociedad guatemalteca.<\/span><\/li>\n<li><span style=\"font-family: 'Anek Gujarati';\">Apoyo Integral a la Universidad: Contribuir al fortalecimiento de las funciones de cooperaci\u00f3n, docencia, investigaci\u00f3n y extensi\u00f3n de la Universidad de San Carlos de Guatemala mediante la promoci\u00f3n de alianzas y colaboraciones internacionales.<\/span><\/li>\n<li><span style=\"font-family: 'Anek Gujarati';\">Posicionamiento Acad\u00e9mico: Fortalecer el posicionamiento acad\u00e9mico de la Universidad de San Carlos de Guatemala a nivel nacional e internacional mediante la implementaci\u00f3n de estrategias de internacionalizaci\u00f3n y la participaci\u00f3n activa en redes y proyectos internacionales relevantes.<\/span><\/li>\n<\/ol>\n<h3 style=\"text-align: justify;\"><span style=\"font-family: 'Anek Gujarati';\"><strong><span style=\"color: #003366;\">FUNCIONES<\/span><\/strong><\/span><\/h3>\n<p><span style=\"font-family: 'Anek Gujarati';\">La Coordinadora General de Cooperaci\u00f3n y Relaciones Internacionales de la Universidad de San Carlos de Guatemala tiene varias funciones clave. Propone pol\u00edticas y estrategias para la cooperaci\u00f3n acad\u00e9mica y el intercambio con instituciones nacionales e internacionales. Estructura planes de desarrollo basados en estas pol\u00edticas y estrategias. Gestiona la cooperaci\u00f3n t\u00e9cnico-cient\u00edfica y financiera, as\u00ed como el seguimiento de convenios bilaterales y multilaterales. Promueve la vinculaci\u00f3n con diversas entidades, incluyendo instituciones educativas, sector privado y ONGs. Representa a la universidad en asuntos de cooperaci\u00f3n. Emite dict\u00e1menes t\u00e9cnicos sobre acuerdos de cooperaci\u00f3n. Apoya las iniciativas de vinculaci\u00f3n y cooperaci\u00f3n de las unidades acad\u00e9micas. Asesora y coordina con las unidades acad\u00e9micas en asuntos de cooperaci\u00f3n e intercambio. Establece alianzas estrat\u00e9gicas y redes para la interacci\u00f3n acad\u00e9mica y la ejecuci\u00f3n de proyectos conjuntos.<\/span><\/p>\n<p><span style=\"font-family: 'Anek Gujarati';\">La Universidad de San Carlos de Guatemala se involucra en una variedad de iniciativas de cooperaci\u00f3n interinstitucional, con el prop\u00f3sito de mejorar la calidad de la educaci\u00f3n y contribuir al desarrollo acad\u00e9mico y social.<\/span><\/p>\n<p><strong><span style=\"color: #003366;\"><\/span><\/strong><\/p>\n<p>[\/et_pb_text][et_pb_text _builder_version=\u00bb4.20.2&#8243; _module_preset=\u00bbdefault\u00bb locked=\u00bboff\u00bb global_colors_info=\u00bb{}\u00bb][\/et_pb_text][\/et_pb_column][et_pb_column type=\u00bb1_5&#8243; _builder_version=\u00bb4.18.0&#8243; _module_preset=\u00bbdefault\u00bb global_colors_info=\u00bb{}\u00bb][\/et_pb_column][\/et_pb_row][\/et_pb_section]<\/p>\n","protected":false},"excerpt":{"rendered":"<p>Coordinadora General de Cooperaci\u00f3n y Relaciones InternacionalesLa Coordinadora General de Cooperaci\u00f3n y Relaciones Internacionales de la Universidad de San Carlos de Guatemala -CGCRI- es el ente rector que fortalece el desarrollo acad\u00e9mico de estudiantes, profesores e investigadores en el \u00e1mbito internacional. La Coordinadora General de Cooperaci\u00f3n y Relaciones Internacionales es la unidad t\u00e9cnica y administrativa [&hellip;]<\/p>\n","protected":false},"author":2,"featured_media":0,"parent":0,"menu_order":0,"comment_status":"closed","ping_status":"closed","template":"","meta":{"_et_pb_use_builder":"on","_et_pb_old_content":"<!-- wp:paragraph -->\n<p><\/p>\n<!-- \/wp:paragraph -->\n\n<!-- wp:paragraph -->\n<p><\/p>\n<!-- \/wp:paragraph -->\n\n<!-- wp:paragraph -->\n<p><\/p>\n<!-- \/wp:paragraph -->\n\n<!-- wp:paragraph -->\n<p><strong>\u201cInternacionalizando la educaci\u00f3n superior de la<\/strong> <strong>Universidad de San Carlos de Guatemala\u201d<\/strong><\/p>\n<!-- \/wp:paragraph -->\n\n<!-- wp:paragraph -->\n<p>La Coordinadora General de Cooperaci\u00f3n y Relaciones Internacionales de la Universidad de San Carlos de Guatemala -CGCRI- es la dependencia de la Rector\u00eda encargada de promover la internacionalizaci\u00f3n a trav\u00e9s de la formaci\u00f3n del cuerpo docente y administrativo en el extranjero. Promociona la movilidad acad\u00e9mica en todas sus formas de la comunidad estudiantil, profesores, investigadores y administrativo. Integra la participaci\u00f3n en los programas de becas, movilidad, intercambio, estancias, representaci\u00f3n en eventos y competencias alrededor del mundo. Adem\u00e1s, gestiona convenios de cooperaci\u00f3n a nivel nacional e internacional y alianzas estrat\u00e9gicas con el prop\u00f3sito de promover la transformaci\u00f3n e innovaci\u00f3n de competencias <a>para la formaci\u00f3n y la eficiencia en la construcci\u00f3n de modelos de excelencia en la internacionalizaci\u00f3n de la educaci\u00f3n superior.<\/a><\/p>\n<!-- \/wp:paragraph -->\n\n<!-- wp:paragraph -->\n<p>Se constituy\u00f3 en 1999 por el inter\u00e9s de implementar programas y proyectos integrales que sistematicen el intercambio acad\u00e9mico con instituciones de educaci\u00f3n superior.<\/p>\n<!-- \/wp:paragraph -->\n\n<!-- wp:paragraph -->\n<p><\/p>\n<!-- \/wp:paragraph -->\n\n<!-- wp:paragraph -->\n<p><strong>FUNCIONES<\/strong><\/p>\n<!-- \/wp:paragraph -->\n\n<!-- wp:list -->\n<ul><li>Proponer pol\u00edticas y estrategias de cooperaci\u00f3n e intercambio acad\u00e9mico con instituciones de educaci\u00f3n superior.<\/li><\/ul>\n<!-- \/wp:list -->\n\n<!-- wp:list -->\n<ul><li>Realizar programas de desarrollo en materia de cooperaci\u00f3n e intercambio acad\u00e9mico.<\/li><\/ul>\n<!-- \/wp:list -->\n\n<!-- wp:list -->\n<ul><li>Fortalecer v\u00ednculos de cooperaci\u00f3n en \u00e1mbitos acad\u00e9micos e investigativos, de extensi\u00f3n, difusi\u00f3n de la cultura y transferencia de conocimientos que contribuya al desarrollo de la internacionalizaci\u00f3n de la educaci\u00f3n superior.<\/li><\/ul>\n<!-- \/wp:list -->\n\n<!-- wp:list -->\n<ul><li>Asesorar en dict\u00e1menes t\u00e9cnicos sobre convenios de cooperaci\u00f3n, cartas de entendimiento y otros instrumentos de car\u00e1cter bilateral y multilateral.<\/li><\/ul>\n<!-- \/wp:list -->\n\n<!-- wp:list -->\n<ul><li>Establecer alianzas y redes en materia de vinculaci\u00f3n e internacionalizaci\u00f3n en el campo de docencia, investigaci\u00f3n y extensi\u00f3n.<\/li><\/ul>\n<!-- \/wp:list -->\n\n<!-- wp:list -->\n<ul><li>B\u00fasqueda de alianzas estrat\u00e9gicas con universidades del primer mundo y organismos internacionales para generar intercambios a nivel de staff, estudiantes de pre grado, grado y posgrado, docentes e investigadores.<\/li><\/ul>\n<!-- \/wp:list -->\n\n<!-- wp:list -->\n<ul><li>Promover la movilidad salientes y entrantes en todas sus formas de los docentes, estudiantes y administrativos.<\/li><\/ul>\n<!-- \/wp:list -->","_et_gb_content_width":"","footnotes":""},"class_list":["post-20","page","type-page","status-publish","hentry"],"_links":{"self":[{"href":"https:\/\/cooperacioninternacional.usac.edu.gt\/index.php?rest_route=\/wp\/v2\/pages\/20","targetHints":{"allow":["GET"]}}],"collection":[{"href":"https:\/\/cooperacioninternacional.usac.edu.gt\/index.php?rest_route=\/wp\/v2\/pages"}],"about":[{"href":"https:\/\/cooperacioninternacional.usac.edu.gt\/index.php?rest_route=\/wp\/v2\/types\/page"}],"author":[{"embeddable":true,"href":"https:\/\/cooperacioninternacional.usac.edu.gt\/index.php?rest_route=\/wp\/v2\/users\/2"}],"replies":[{"embeddable":true,"href":"https:\/\/cooperacioninternacional.usac.edu.gt\/index.php?rest_route=%2Fwp%2Fv2%2Fcomments&post=20"}],"version-history":[{"count":46,"href":"https:\/\/cooperacioninternacional.usac.edu.gt\/index.php?rest_route=\/wp\/v2\/pages\/20\/revisions"}],"predecessor-version":[{"id":1718,"href":"https:\/\/cooperacioninternacional.usac.edu.gt\/index.php?rest_route=\/wp\/v2\/pages\/20\/revisions\/1718"}],"wp:attachment":[{"href":"https:\/\/cooperacioninternacional.usac.edu.gt\/index.php?rest_route=%2Fwp%2Fv2%2Fmedia&parent=20"}],"curies":[{"name":"wp","href":"https:\/\/api.w.org\/{rel}","templated":true}]}}

Coordinadora General de Cooperación y Relaciones Internacionales  -CGCRI-

<p>[et_pb_section fb_built=»1&#8243; _builder_version=»4.18.0&#8243; _module_preset=»default» background_enable_color=»off» min_height=»575.2px» custom_padding=»||99px|||» global_colors_info=»{}»][et_pb_row _builder_version=»4.18.0&#8243; _module_preset=»default» global_colors_info=»{}»][et_pb_column type=»4_4&#8243; _builder_version=»4.18.0&#8243; _module_preset=»default» global_colors_info=»{}»][et_pb_text _builder_version=»4.20.2&#8243; _module_preset=»default» text_text_color=»#0fffff» background_layout=»dark» global_colors_info=»{}»]</p>
<h2><span style="color: #000080;"><strong>Coordinadora General de Cooperación y Relaciones Internacionales</strong></span></h2>
<p>[/et_pb_text][/et_pb_column][/et_pb_row][et_pb_row _builder_version=»4.18.0&#8243; _module_preset=»default» min_height=»267.2px» custom_margin=»13px|auto||auto||» custom_padding=»8px||0px|||» global_colors_info=»{}»][et_pb_column type=»4_4&#8243; _builder_version=»4.18.0&#8243; _module_preset=»default» background_color=»#ffffff» global_colors_info=»{}»][et_pb_text _builder_version=»4.20.2&#8243; _module_preset=»default» custom_padding=»||0px|0px||» inline_fonts=»Anek Gujarati» global_colors_info=»{}»]</p>
<p><span style="font-family: 'Anek Gujarati'; font-weight: normal;">La Coordinadora General de Cooperación y Relaciones Internacionales de la Universidad de San Carlos de Guatemala -CGCRI- es el ente rector que fortalece el desarrollo académico de estudiantes, profesores e investigadores en el ámbito internacional.</span></p>
<p><span style="font-family: 'Anek Gujarati'; font-weight: normal;">La Coordinadora General de Cooperación y Relaciones Internacionales es la unidad técnica y administrativa de la Universidad de San Carlos de Guatemala -USAC-, encargada de coordinar todas las actividades académicas y culturales a nivel nacional e internacional. Estas actividades están reguladas por el reglamento para la gestión, negociación y suscripción de instrumentos de cooperación para el desarrollo universitario. Además, la Coordinadora facilita y supervisa la cooperación y las relaciones nacionales e internacionales, así como el intercambio académico con instituciones de educación superior, fundaciones, organismos internacionales, cuerpo diplomático y otras entidades nacionales e internacionales. Todo esto se realiza con el fin de contribuir al cumplimiento de la misión institucional.</span></p>
<p><span style="font-family: 'Anek Gujarati'; font-weight: normal;">La Coordinadora General de Cooperación fue creada por medio del Acuerdo de Rectoría No. 522-2002, de fecha 12 de julio de 2002. En el año 2014, es designada como la unidad técnica y administrativa de la USAC de regular la gestión, negociación y suscripción de instrumentos de cooperación para el desarrollo universitario según punto octavo, Inciso 8.1 Acta No. 17-2014, de fecha 24 de septiembre del 2014.</span></p>
<p>&nbsp;</p>
<p>&nbsp;</p>
<p>[/et_pb_text][/et_pb_column][/et_pb_row][et_pb_row _builder_version=»4.18.0&#8243; _module_preset=»default» background_image=»https://cooperacioninternacional.usac.edu.gt/wp-content/uploads/2022/09/DSC_0284-scaled.jpg» min_height=»136px» global_colors_info=»{}»][et_pb_column type=»4_4&#8243; _builder_version=»4.18.0&#8243; _module_preset=»default» global_colors_info=»{}»][/et_pb_column][/et_pb_row][/et_pb_section][et_pb_section fb_built=»1&#8243; _builder_version=»4.18.0&#8243; _module_preset=»default» global_colors_info=»{}»][et_pb_row column_structure=»1_5,3_5,1_5&#8243; _builder_version=»4.18.0&#8243; _module_preset=»default» custom_padding=»30px|||||» global_colors_info=»{}»][et_pb_column type=»1_5&#8243; _builder_version=»4.18.0&#8243; _module_preset=»default» global_colors_info=»{}»][/et_pb_column][et_pb_column type=»3_5&#8243; _builder_version=»4.18.0&#8243; _module_preset=»default» global_colors_info=»{}»][et_pb_text _builder_version=»4.25.1&#8243; _module_preset=»default» inline_fonts=»Anek Gujarati» global_colors_info=»{}»]</p>
<h3 style="text-align: justify;"><span style="font-family: 'Anek Gujarati';"><strong><span style="color: #003366;">OBJETIVOS</span></strong></span></h3>
<ol>
<li><span style="font-family: 'Anek Gujarati';">Desarrollo Socioeconómico y Científico-Cultural: Colaborar en el desarrollo socioeconómico y científico-cultural del país a través de programas y proyectos de cooperación internacional que beneficien a la sociedad guatemalteca.</span></li>
<li><span style="font-family: 'Anek Gujarati';">Apoyo Integral a la Universidad: Contribuir al fortalecimiento de las funciones de cooperación, docencia, investigación y extensión de la Universidad de San Carlos de Guatemala mediante la promoción de alianzas y colaboraciones internacionales.</span></li>
<li><span style="font-family: 'Anek Gujarati';">Posicionamiento Académico: Fortalecer el posicionamiento académico de la Universidad de San Carlos de Guatemala a nivel nacional e internacional mediante la implementación de estrategias de internacionalización y la participación activa en redes y proyectos internacionales relevantes.</span></li>
</ol>
<h3 style="text-align: justify;"><span style="font-family: 'Anek Gujarati';"><strong><span style="color: #003366;">FUNCIONES</span></strong></span></h3>
<p><span style="font-family: 'Anek Gujarati';">La Coordinadora General de Cooperación y Relaciones Internacionales de la Universidad de San Carlos de Guatemala tiene varias funciones clave. Propone políticas y estrategias para la cooperación académica y el intercambio con instituciones nacionales e internacionales. Estructura planes de desarrollo basados en estas políticas y estrategias. Gestiona la cooperación técnico-científica y financiera, así como el seguimiento de convenios bilaterales y multilaterales. Promueve la vinculación con diversas entidades, incluyendo instituciones educativas, sector privado y ONGs. Representa a la universidad en asuntos de cooperación. Emite dictámenes técnicos sobre acuerdos de cooperación. Apoya las iniciativas de vinculación y cooperación de las unidades académicas. Asesora y coordina con las unidades académicas en asuntos de cooperación e intercambio. Establece alianzas estratégicas y redes para la interacción académica y la ejecución de proyectos conjuntos.</span></p>
<p><span style="font-family: 'Anek Gujarati';">La Universidad de San Carlos de Guatemala se involucra en una variedad de iniciativas de cooperación interinstitucional, con el propósito de mejorar la calidad de la educación y contribuir al desarrollo académico y social.</span></p>
<p><strong><span style="color: #003366;"></span></strong></p>
<p>[/et_pb_text][et_pb_text _builder_version=»4.20.2&#8243; _module_preset=»default» locked=»off» global_colors_info=»{}»][/et_pb_text][/et_pb_column][et_pb_column type=»1_5&#8243; _builder_version=»4.18.0&#8243; _module_preset=»default» global_colors_info=»{}»][/et_pb_column][/et_pb_row][/et_pb_section]</p>

<p>Coordinadora General de Cooperación y Relaciones InternacionalesLa Coordinadora General de Cooperación y Relaciones Internacionales de la Universidad de San Carlos de Guatemala -CGCRI- es el ente rector que fortalece el desarrollo académico de estudiantes, profesores e investigadores en el ámbito internacional. La Coordinadora General de Cooperación y Relaciones Internacionales es la unidad técnica y administrativa [&hellip;]</p>

<!-- wp:paragraph -->
<p></p>
<!-- /wp:paragraph -->

<!-- wp:paragraph -->
<p></p>
<!-- /wp:paragraph -->

<!-- wp:paragraph -->
<p></p>
<!-- /wp:paragraph -->

<!-- wp:paragraph -->
<p><strong>“Internacionalizando la educación superior de la</strong> <strong>Universidad de San Carlos de Guatemala”</strong></p>
<!-- /wp:paragraph -->

<!-- wp:paragraph -->
<p>La Coordinadora General de Cooperación y Relaciones Internacionales de la Universidad de San Carlos de Guatemala -CGCRI- es la dependencia de la Rectoría encargada de promover la internacionalización a través de la formación del cuerpo docente y administrativo en el extranjero. Promociona la movilidad académica en todas sus formas de la comunidad estudiantil, profesores, investigadores y administrativo. Integra la participación en los programas de becas, movilidad, intercambio, estancias, representación en eventos y competencias alrededor del mundo. Además, gestiona convenios de cooperación a nivel nacional e internacional y alianzas estratégicas con el propósito de promover la transformación e innovación de competencias <a>para la formación y la eficiencia en la construcción de modelos de excelencia en la internacionalización de la educación superior.</a></p>
<!-- /wp:paragraph -->

<!-- wp:paragraph -->
<p>Se constituyó en 1999 por el interés de implementar programas y proyectos integrales que sistematicen el intercambio académico con instituciones de educación superior.</p>
<!-- /wp:paragraph -->

<!-- wp:paragraph -->
<p></p>
<!-- /wp:paragraph -->

<!-- wp:paragraph -->
<p><strong>FUNCIONES</strong></p>
<!-- /wp:paragraph -->

<!-- wp:list -->
<ul><li>Proponer políticas y estrategias de cooperación e intercambio académico con instituciones de educación superior.</li></ul>
<!-- /wp:list -->

<!-- wp:list -->
<ul><li>Realizar programas de desarrollo en materia de cooperación e intercambio académico.</li></ul>
<!-- /wp:list -->

<!-- wp:list -->
<ul><li>Fortalecer vínculos de cooperación en ámbitos académicos e investigativos, de extensión, difusión de la cultura y transferencia de conocimientos que contribuya al desarrollo de la internacionalización de la educación superior.</li></ul>
<!-- /wp:list -->

<!-- wp:list -->
<ul><li>Asesorar en dictámenes técnicos sobre convenios de cooperación, cartas de entendimiento y otros instrumentos de carácter bilateral y multilateral.</li></ul>
<!-- /wp:list -->

<!-- wp:list -->
<ul><li>Establecer alianzas y redes en materia de vinculación e internacionalización en el campo de docencia, investigación y extensión.</li></ul>
<!-- /wp:list -->

<!-- wp:list -->
<ul><li>Búsqueda de alianzas estratégicas con universidades del primer mundo y organismos internacionales para generar intercambios a nivel de staff, estudiantes de pre grado, grado y posgrado, docentes e investigadores.</li></ul>
<!-- /wp:list -->

<!-- wp:list -->
<ul><li>Promover la movilidad salientes y entrantes en todas sus formas de los docentes, estudiantes y administrativos.</li></ul>
<!-- /wp:list -->
